4*f - 1. Calculate c(-5).
4
Let t(m) = 4*m - 14. Give t(10).
26
Let t(b) = b**3 - 13*b**2 - 5*b - 11. Calculate t(13).
-76
Let k(g) = -g**2 - 5*g + 8. Give k(-5).
8
Let p(v) = 4*v**3 - v**2 + v. Calculate p(1).
4
Let h(r) = 18*r**2. What is h(1)?
18
Let g(c) = -2*c. Calculate g(2).
-4
Let t(c) = -c**3 + 5*c**2 + 3*c - 25. What is t(4)?
3
Let b(w) = -19*w**2 + 32*w + 32. What is b(-1)?
-19
Let y(h) = -2*h - 44. What is y(-4)?
-36
Let x(j) = -6*j**2 + 11*j + 1. Calculate x(2).
-1
Let j(t) = 18*t - 260. Determine j(14).
-8
Let z(m) = -m**3 - 5*m**2 - 3*m + 5. What is z(-4)?
1
Let m(a) = 160*a**3 - a**2 + 6*a - 5. Calculate m(1).
160
Let r(b) = 2*b - 2. What is r(14)?
26
Let x(n) = -n**3 - 21*n**2 - 21*n - 16. Determine x(-20).
4
Let c(j) = -10*j - 50. Determine c(-5).
0
Let y(v) = -2*v**3 - 55*v**2 - 76*v + 36. Determine y(-26).
-16
Let n(b) = -22*b**2 - 3*b - 2. Calculate n(-1).
-21
Let p(z) = -2*z**2 - 17*z - 13. Give p(-7).
8
Let t(n) = -7*n + 2. Determine t(-4).
30
Let m(p) = -p**2 - 6*p + 3. Give m(-6).
3
Let n(v) = -v**2 - 6*v + 49. Determine n(-10).
9
Let t(z) = 12*z - 4. Give t(-7).
-88
Let j(r) = 2*r**3 + 7*r**2 + 6*r + 2. Determine j(-4).
-38
Let u(d) = 3*d**3 + 4*d**2 + 4*d + 2. Calculate u(-2).
-14
Let w(d) = 7*d + 5. Give w(-3).
-16
Let q(t) = -5*t + 71. Calculate q(13).
6
Let n(h) = -h + 10. Give n(6).
4
Let q(w) = 17*w - 458. Give q(27).
1
Let s(l) = l**3 + 4*l**2 + l - 4. Determine s(-2).
2
Let k(u) = -u**2 + 43*u + 102. Calculate k(45).
12
Let k(t) = -8*t**2 + 4*t - 3. Calculate k(1).
-7
Let z(q) = -q**3 + 2*q**2 - 2*q - 7. Calculate z(3).
-22
Let l(h) = -3*h + 26. Calculate l(8).
2
Let c(p) = -p**2 + 44*p + 137. Calculate c(47).
-4
Let f(y) = y**3 - 4*y**2 - 3*y + 12. Calculate f(4).
0
Let j(b) = 3*b**2 - 15*b - 3. Give j(5).
-3
Let n(x) = x**2 - 22. Calculate n(5).
3
Let w(f) = f**3 - 6*f**2 - 8*f - 15. What is w(7)?
-22
Let w(l) = -l**2 - 15*l - 36. Determine w(-18).
-90
Let q(d) = d**2 - 38*d + 48. Give q(35).
-57
Let h(a) = 3*a + 3. Calculate h(10).
33
Let v(b) = b**2 + 8*b + 57. Determine v(-11).
90
Let w(l) = 15*l + 215. Give w(-16).
-25
Let g(b) = -6*b - 176. Determine g(-28).
-8
Let j(s) = 2*s**3 - 2*s - 2. Calculate j(-2).
-14
Let f(q) = -q + 17. Give f(27).
-10
Let b(y) = -y + 23. Determine b(22).
1
Let y(c) = 41*c**3 + c + 2. Give y(-1).
-40
Let x(n) = -n + 10. Give x(6).
4
Let q(c) = c**3 - 4*c**2 - 7*c - 8. Calculate q(6).
22
Let h(w) = -3*w + 13. What is h(-3)?
22
Let t(l) = -l**3 - 12*l**2 + 14*l + 8. What is t(-13)?
-5
Let a(l) = 2*l**2 + 32*l + 36. Give a(-15).
6
Let k(z) = -z**2 + 15*z - 4. What is k(14)?
10
Let u(a) = 2*a**3 - 7*a**2 - 2*a - 8. What is u(4)?
0
Let t(v) = -v**3 - 14*v**2 + 13*v - 27. Determine t(-15).
3
Let h(v) = 3*v**3 + v**2 - 1. What is h(-1)?
-3
Let l(k) = -k**2 + 14*k - 33. Determine l(11).
0
Let m(l) = l**2 - 14*l + 24. Determine m(13).
11
Let j(y) = -y**3 - 25*y**2 + 114*y + 2. What is j(4)?
-6
Let w(y) = -4*y**2 - 27*y + 33. Determine w(-8).
-7
Let s(v) = -3*v - 12. Calculate s(-5).
3
Let x(b) = -b**2 + 64. Give x(0).
64
Let z(w) = -w**2 + 6*w - 4. Give z(7).
-11
Let h(r) = 106*r + 632. Determine h(-6).
-4
Let a(d) = 26*d**3 - 2*d**2 - 2*d - 1. What is a(-1)?
-27
Let s(p) = -4*p + 13. Calculate s(2).
5
Let s(w) = w**3 + 10*w**2 + 3*w - 50. Determine s(-9).
4
Let u(k) = -k**3 - 10*k**2 + 10*k - 23. What is u(-11)?
-12
Let d(a) = a**3 - 3*a**2 + 9*a - 13. Calculate d(6).
149
Let y(k) = k + 17. What is y(-24)?
-7
Let m(z) = z - 9. Determine m(7).
-2
Let r(u) = 9*u - 3. Calculate r(6).
51
Let h(y) = -2*y**2 - 19*y + 255. What is h(-17)?
0
Let x(n) = -n**2 + 16*n + 3. What is x(16)?
3
Let l(v) = v**2 - 10*v - 17. Calculate l(-7).
102
Let w(i) = -6*i**2 + i - 1. What is w(-2)?
-27
Let z(w) = -2*w**3 + 3*w**2 - w - 2. What is z(3)?
-32
Let p(u) = u**3 - u**2 - 14*u + 17. Give p(4).
9
Let k(n) = n**2 - 6*n - 6. Calculate k(8).
10
Let l(v) = 7*v**2 - 122*v + 35. Calculate l(17).
-16
Let w(z) = z**3 - 12*z**2 + 7*z + 26. What is w(11)?
-18
Let h(x) = 12*x - 4. Give h(2).
20
Let t(p) = p**2 - 4*p + 1. Determine t(-3).
22
Let d(s) = s**3 + 22*s**2 + 23*s + 16. Determine d(-21).
-26
Let m(z) = -z**3 + 6*z**2 + 13*z. Calculate m(7).
42
Let h(u) = -16*u**2 - 11*u + 12. Determine h(1).
-15
Let y(h) = h**3 - 9*h**2 + 6. Give y(9).
6
Let n(a) = a**3 + 12*a**2 + a + 19. Give n(-12).
7
Let l(c) = -12*c + 48. What is l(7)?
-36
Let z(x) = x**3 + 4*x**2 - 5*x + 17. Calculate z(-6).
-25
Let n(c) = -c**2 - 10*c - 7. What is n(-10)?
-7
Let c(u) = -4*u**2 + 5*u + 7. What is c(-4)?
-77
Let c(v) = -v**3 - v**2 + 2*v + 2. What is c(0)?
2
Let f(l) = 2*l + 30. Calculate f(-17).
-4
Let m(s) = 2*s - 13. What is m(-4)?
-21
Let m(j) = 7*j - 5. Give m(-6).
-47
Let t(a) = -a**3 + a**2 + 7*a - 3. Determine t(3).
0
Let w(j) = -2*j**3 + 5*j**2 + 4*j - 6. What is w(3)?
-3
Let c(j) = -j**3 - 7*j**2 + 21*j + 17. Give c(-9).
-10
Let c(j) = j**3 - 8*j**2 - 8*j - 8. What is c(9)?
1
Let b(f) = 8*f - 5. Determine b(7).
51
Let w(u) = u**2 + 8*u + 5. What is w(-2)?
-7
Let x(v) = v**3 - 8*v**2 - 9*v. Give x(10).
110
Let k(r) = -40*r + 3. Determine k(-2).
83
Let l(s) = 2*s - 13. Give l(4).
-5
Let t(z) = -z**2 + 6*z - 4. Give t(6).
-4
Let x(m) = -10*m - 11. Calculate x(-2).
9
Let k(c) = -3*c + 26. Calculate k(8).
2
Let y(l) = -2*l**3 + 2*l**2 + 2*l + 2. Give y(-2).
22
Let m(z) = 2*z**2 - 6*z + 1. What is m(5)?
21
Let n(k) = -45*k**2 - 8*k + 8. What is n(1)?
-45
Let h(w) = 44*w + 755. Calculate h(-17).
7
Let t(l) = l**3 - 6*l**2 + 9*l - 44. What is t(6)?
10
Let h(m) = -m**2 - 2*m + 8. Give h(-6).
-16
Let r(t) = 3*t**3 + 21*t**2 - 4*t - 16. Determine r(-7).
12
Let i(r) = r**3 - 2*r**2 - 6*r - 4. Give i(4).
4
Let s(j) = 9*j**2 - 3*j - 1. What is s(-1)?
11
Let m(u) = -7*u**2 + 17*u. Calculate m(3).
-12
Let n(l) = -40*l - 321. What is n(-8)?
-1
Let k(t) = 3*t + 23. Calculate k(-8).
-1
Let o(g) = -g**2 + 8*g + 24. Calculate o(5).
39
Let q(p) = -p**2 - 27*p + 19. Give q(-28).
-9
Let z(t) = t**2 + 7*t - 5. What is z(-8)?
3
Let t(u) = 3*u - 21. What is t(-15)?
-66
Let w(d) = d**3 + 2*d**2 + 2. Give w(-2).
2
Let k(u) = -u**2 - 29*u - 178. Determine k(-20).
2
Let l(x) = -x**3 - 5*x**2 + 2*x + 12. Calculate l(-4).
-12
Let w(n) = n**3 - 14*n**2 - n + 7. Calculate w(14).
-7
Let r(f) = -2*f**3 + 41*f**2 - 210*f + 9. What is r(11)?
-2
Let q(g) = 8*g - 136. Determine q(16).
-8
Let a(r) = -r + 4. Determine a(10).
-6
Let z(h) = h**3 + 2*h**2 - h. Give z(-3).
-6
Let x(h) = -h**2 - 10*h + 75. What is x(-15)?
0
Let n(x) = -x**3 - 3*x**2 + 6*x + 4. What is n(-5)?
24
Let y(j) = j - 11. What is y(11)?
0
Let m(f) = f**2 - 21*f - 32. Calculate m(21).
-32
Let u(z) = 2*z**2 + 2*z + 11. Determine u(-5).
51
Let l(c) = -c**3 - c**2 - 2*c - 6. Calculate l(-2).
2
Let b(m) = -m**2 + 29*m - 113. Give b(6).
25
Let t(c) = c**2 - 8*c + 7. Calculate t(6).
-5
Let w(f) = -3*f**2 - 27*f + 2. Calculate w(-9).
2
Let j(r) = -r**2 + 10*r - 9. Determine j(4).
15
Let o(g) = 2*g + 7. What is o(-2)?
3
Let x(n) = 44*n - 1. What is x(1)?
43
Let p(b) = 3*b**3 - 17*b**2 - 4*b - 17. Determine p(6).
-5
Let a(s) = -s**2 - s - 33. Determine a(0).
-33
Let y(s) = 13*s + 31. Determine y(-7).
-60
Let u(o) = o**2 + 4. Determine u(-3).
13
Let h(r) = -2*r**2 + 17*r - 41. Determine h(5).
-6
Let u(y) = 2*y**2 + 64*y + 4. Give u(-32).
4
Let q(h) = 3*h + 16. What is q(-9)?
-11
Let n(p) = -p**2 + 8*p - 17. Calculate n(5).
-2
Let j(w) = w**3 + 7*w**2 + 5*w - 7. Calculate j(-6).
-1
Let b(z) = -2*z + 19. Calculate b(11).
-3
Let g(r) = 26*r**3 - r**2 - 2*r. What is g(-1)?
-25
Let p(k) = -2*k**3 + 5*k**2 + 6*k - 17. Calculate p(2).
-1
Let u(r) = -2*r**3 + 8*r**2 - 4*r + 2. Calculate u(3).
8
Let g(w) = -w**3 + 2*w**2 + 4*w - 1. Calculate g(3).
2
Let d(q) = q**3 + 9*q**2 + 15*q - 4. Determine d(-7).
-11
Let h(g) = -g**3 - 4*g**2 + 4*g + 10. Give h(-4).
-6
Let w(p) = 3*p**3 + 2*p**2 - 7*p - 18. What is w(-3)?
-60
Let s(q) = -8*q**3 - 3*q**2 + q + 2. Determine s(1).
-8
Let k(a) = -a**2 + 4*a + 7. Determine k(6).
-5
Let j(f) = 4*f**2 - f + 17. Calculate j(5).
112
Let t(q) = 49*q**2 - q - 1. What is t(-1)?
49
Let u(m) = -m**2 - 7*m + 29. What is u(-10)?
-1
Let l(i) = i**3 + i**2 + 4. Determine l(-2).
0
Let n(b) = -b**2 + 11*b - 29. Give n(6).
1
Let i(d) = d**3 - 14*d**2 - 3*d + 47. Determine i(14).
5
Let t(k) = -k